15 is divided by o?
6
Suppose -8 - 2 = -i. Let h = -10 - -16. What is the remainder when h is divided by (-2)/i - (-42)/10?
2
Let q = 18 + -8. What is the remainder when 18 is divided by q?
8
Let t = 78 + -47. Calculate the remainder when 59 is divided by t.
28
Suppose v - 73 = 5*w, 0*v + 3 = v. Let z = w + 43. Let g(d) = d**2 + 8. What is the remainder when z is divided by g(0)?
5
Let m(d) = -1. Let q(n) = -7*n - 1. Let z(r) = -2*m(r) + q(r). Let a be (1/(-2))/((-3)/(-6)). What is the remainder when 21 is divided by z(a)?
5
Suppose -4*i + 39 = -109. Suppose 0*x = -4*x + g + 56, 2*g = 3*x - i. What is the remainder when (-4)/18 - (-389)/9 is divided by x?
13
Suppose r - 3*f = -0 + 17, -5*r + f + 127 = 0. Suppose -k - 28 = -2*k. Let m = k - 14. What is the remainder when r is divided by m?
12
Let q(i) = 3*i - 10. What is the remainder when q(5) is divided by 3?
2
Let y(n) = 13*n**3 - n**2 - 3*n + 4. What is the remainder when 22 is divided by y(1)?
9
What is the remainder when 4 + -1*(2 + -1) is divided by 1?
0
Let m = 0 + 0. What is the remainder when m/(-1) - (-37 + 2) is divided by ((-9)/12 + (-10)/(-8))*18?
8
Suppose -f - 4*s = 6 - 35, -s = -f + 4. What is the remainder when 16 is divided by f?
7
Let q = 50 - 50. Let x be (1 - -2 - 2) + 3. Suppose 0 = 3*b - x*g - 47, -b - 2*b + g + 59 = q. Calculate the remainder when b is divided by 11.
10
Suppose 45 = -2*r + 145. Suppose -13*w + 11*w = -r. Suppose -38 = -5*n + 7. What is the remainder when w is divided by n?
7
Suppose 0 = 3*g + 5*f + 258 + 440, 4*g = -4*f - 944. Let q = -162 - g. What is the remainder when q is divided by 20?
19
Suppose 0 = -3*v + 11 + 4. Suppose -3*l = 2*l - 15. What is the remainder when v is divided by l?
2
Suppose -2*o - 4 = o + 2*v, 0 = -3*o - 3*v - 9. Calculate the remainder when o is divided by 9/6*(-4)/(-6).
0
Let i = -128 + 137. What is the remainder when 142 is divided by i?
7
Let b = 82 - 59. Let r(x) = 2 - x**3 + 0*x - 2*x - 4 + 2*x**2 - 3*x**2. Calculate the remainder when b is divided by r(-2).
5
Let y(b) = -2*b. Let v(a) = a**2 + 4*a - 1. Let o be v(-4). Let q be y(o). Suppose 0 = d - q - 15. Calculate the remainder when d is divided by 6.
5
Let v(u) = 3*u**2 + 2. Calculate the remainder when v(-3) is divided by 15.
14
Let f(t) = t + 38. Suppose 3*s = -1 + 7. Suppose -3*o - 16 = -i, 4*i + 0*o = -s*o + 50. What is the remainder when f(0) is divided by i?
12
Calculate the remainder when 19 is divided by 5/(10/8) - -3.
5
Let f(m) = -m**3 + 7*m**2 + m - 5. Let t be f(7). Suppose 6 = -t*c, 5*a + 5*c - 40 = -0*a. What is the remainder when 16*1*(2 + 0) is divided by a?
10
Let d(f) = -3*f - 5. Let o be d(-9). Suppose -47 - o = -3*i. Calculate the remainder when i is divided by 13.
10
Suppose 2*s + 32 = 2*r + 3*r, -4 = 2*r - 5*s. Suppose 3 = i, i + 6 - 1 = 4*y. What is the remainder when (-15)/4*(-2 - y) is divided by r?
7
Let u = 1 + -1. Let z = 21 - u. Let p = 64 + -53. What is the remainder when z is divided by p?
10
Suppose -4*q = 5*h - 9*q - 500, -2*h = 3*q - 175. Calculate the remainder when h is divided by 24.
23
Suppose 0 = 5*w - 0*w + 65. Let o = w + 74. Calculate the remainder when o is divided by 16.
13
Let z(a) = a**3 + 11*a**2 - 9*a - 6. Calculate the remainder when z(-6) is divided by 23.
21
Let j(i) = 5*i. Calculate the remainder when 8 is divided by j(1).
3
Let a = -104 + 137. What is the remainder when 131 is divided by a?
32
Calculate the remainder when 56 is divided by 9/1*240/72.
26
Suppose -3*c + v + 165 = 0, 5*c + 7*v = 2*v + 255. Calculate the remainder when c is divided by 15.
9
Let h = -17 - -52. What is the remainder when h is divided by 13?
9
Let m(w) = 9 - w + 3*w + 0. What is the remainder when m(9) is divided by 7?
6
Let z be 51*((-60)/(-9))/5. Let o be 6/(-27) - z/18. Let a(v) = -v**3 - 4*v**2 - 2*v + 4. Calculate the remainder when 46 is divided by a(o).
10
Let q(y) = -14*y**3 + 2*y**2 + 2*y + 1. Let g be 52/(-60) - 2/15. What is the remainder when 58 is divided by q(g)?
13
Let m = 7 - 2. Suppose v = 3*w - 4*w + 2, -4*w + 15 = m*v. Calculate the remainder when v is divided by (-1 - 0)/((-3)/9).
1
Let p be 44/(-6)*(-18)/4. Suppose 4*c + 7 + p = 0. Let q = c + 11. Calculate the remainder when 2 is divided by q.
0
Let h be (-20)/(-6) + 4/6. Suppose 0 = -h*v + 98 + 14. Let q(i) = -4*i - 6. What is the remainder when v is divided by q(-4)?
8
Let g(v) = v + 8. Calculate the remainder when 45 is divided by g(4).
9
Let p(j) = -j + 20*j - 12 + 10. What is the remainder when p(1) is divided by 10?
7
Suppose -396 + 156 = -6*n. Calculate the remainder when n is divided by 14.
12
Let d(s) = -10*s + 16. Let k be 6/18 + (-4)/(-6). Let m(v) = v - 1. Let j(n) = k*d(n) + 12*m(n). What is the remainder when 28 is divided by j(3)?
8
Let t(a) = -a**2 + 6*a + 2. Let i be t(5). Suppose 5*u + 9 = g - i, -g + 17 = -4*u. What is the remainder when g is divided by 12?
9
Let w(d) = -3*d - 1. Let a be w(-2). Suppose -9 = a*x - 104. What is the remainder when x is divided by 7?
5
Suppose a + 1 = 2. Let m be (a - (-17)/(-5))*-5. Calculate the remainder when 19 is divided by 81/m + (-1)/(-4).
5
Let a(u) = u**2 + 2*u. Calculate the remainder when 70 is divided by a(4).
22
Let t(h) = h + 1. Suppose -5*g - 33 = -3*y, 2*g - g + 55 = 5*y. Suppose -r + y = -2. What is the remainder when r is divided by t(4)?
3
Let a be (-24)/15 + 4/(-10). Let u = 5 + a. Calculate the remainder when u is divided by 3.
0
Let u = -53 - -107. Calculate the remainder when u is divided by 31.
23
Suppose j - 3*k + 13 = -32, -k + 80 = -2*j. Calculate the remainder when 5 is divided by 3/(-12) - j/12.
2
Let a = 26 + 16. Calculate the remainder when a is divided by 15.
12
Let q = 13 - 9. Suppose -12*s + 10*s = -22. What is the remainder when s is divided by q?
3
Let z(v) = -v**2 + 9*v + 5. What is the remainder when 48 is divided by z(5)?
23
Suppose 17*r - 4 = 16*r. Calculate the remainder when 22 is divided by r.
2
Suppose 3*j - 3*x = x - 4, 4*x = -5*j + 36. Suppose 4*b = -o + 4, -2*o - 2*b = -4*b - 28. Calculate the remainder when o is divided by j.
0
Suppose -y - 2*y = -15. Suppose 14 + 1 = -y*u. Calculate the remainder when 22 is divided by 8*(2 + 3/u).
6
Let v = 2 - -1. Suppose v*r - 15 = -w, -5*r + w + 15 + 10 = 0. Suppose -6*g + 98 - 14 = 0. Calculate the remainder when g is divided by r.
4
Let j be (-2 - 0) + (-7)/(-1). Let y(p) = -p**2 + 6*p - 4. What is the remainder when 2 is divided by y(j)?
0
Let j = -15 + 32. Suppose 0 = -3*z + 4 - 19. Let u = z + j. What is the remainder when 23 is divided by u?
11
Let y be (-9)/(2 - 396/196). What is the remainder when (-1)/(-4) - y/(-12) is divided by 13?
11
Suppose -49 = -3*u - 5*m, -4*u - 9 + 113 = -3*m. What is the remainder when u is divided by 14?
9
Let l(a) = a**2 - 11*a + 10. Let m be l(10). Let v be -1 + m*(-1)/3. Let n = v - -4. Calculate the remainder when 5 is divided by n.
2
Suppose 2*w = -0 + 4. Suppose -w*u = 2*u + 92. Let f = -8 - u. Calculate the remainder when f is divided by 8.
7
Suppose 5*y = 4*y - 5*c + 26, -2*c + 14 = y. Let m be -6 + 3 + 5 + -2. Suppose 55 = 5*j - m*j. Calculate the remainder when j is divided by y.
5
Let w = -6 + 12. Calculate the remainder when 34 is divided by w.
4
Let j be 6/3 + 9/(-3). What is the remainder when j*5*(-602)/70 is divided by 15?
13
Suppose 113 = 2*z - 4*s + 25, -2*s + 58 = 2*z. Calculate the remainder when z is divided by 9.
7
Suppose 3*s + 3*q = -363, 2*s - 4*q - 49 + 297 = 0. Let d = s - -214. What is the remainder when d is divided by 31?
30
Let a be ((-65)/(-2) + 3)*-2. Let l = a + 136. Calculate the remainder when l is divided by 22.
21
Let r(b) be the first derivative of -4*b**2 - 10*b - 2. Calculate the remainder when r(-7) is divided by (1 + (-21)/5)*-5.
14
Suppose -h - 2*o - 25 = -2*h, -20 = -h + o. Suppose -a - h = -83. What is the remainder when a is divided by 23?
22
Suppose -2*k = -6*k - 2*y + 248, 0 = -3*k - 3*y + 192. Let d = k + -36. What is the remainder when 70 is divided by d?
22
Calculate the remainder when 5*((-74)/(-10) - -4 - 3) is divided by 15.
12
Let g(d) = d**2 - 6*d + 19. What is the remainder when 92 is divided by g(6)?
16
Let k(v) be the first derivative of v**2 - 13*v + 2. What is the remainder when (2 - -17)*2 - 1 is divided by k(13)?
11
Suppose -d - 4*